e k(v).
-21
Suppose 0 = 11*p - 9*p - 6. Let c(f) = -4*f + 7 - 4*f**3 - 13 + 0*f**p + 3*f**3 - 5*f**2. Calculate c(-4).
-6
Let l(j) be the first derivative of 5*j**4/2 + 2*j**2 + 3*j + 1756. Determine l(-1).
-11
Suppose 5*l = u - 18 + 80, 3*u = 3*l - 42. Suppose -4*j + 5 = -4*o + 1, 3*o + l = 0. Let h(q) = 8*q + 3. Calculate h(j).
-21
Let q(j) = j**2 + 7*j - 10. Let p(w) = 1 - 8 - 6 - 2*w + 1. Let o be p(-2). Calculate q(o).
-2
Let x(m) be the second derivative of 2*m**2 + 4 + m - 1/6*m**3. What is x(7)?
-3
Let a = 1076 + -627. Let q = a + -443. Let j(m) = m**3 - 4*m**2 + m - 9. Let h(b) = -b**2 + 1. Let y(g) = 2*h(g) + j(g). Determine y(q).
-1
Let l(n) = 2*n - 5. Let x be l(5). Suppose 3*w + 12 = x*w. Let o(m) = 12*m + 11. Let q(h) = 20*h + 12. Let a(j) = 3*o(j) - 2*q(j). Calculate a(w).
-15
Let r(j) = 16*j - 135. Let k = 19990 - 19981. What is r(k)?
9
Let g = 267 + -254. Let u(z) = z - 33 + 21 + g. What is u(1)?
2
Let m(o) be the third derivative of -o**6/360 + 3*o**5/40 - o**4/3 + 65*o**3/6 - 139*o**2. Let n(r) be the first derivative of m(r). Calculate n(6).
10
Let w be 1/4 - (2 + (-42)/24). Suppose w*g - 8*g + 24 = 0. Suppose 3*z - 18 = -g*z. Let o(p) = p**3 - 3*p**2 - p + 1. Calculate o(z).
-2
Let y(v) = v**2 - 8*v + 9. Suppose 94 - 16 = -2*c. Let z = 38 + c. Let b be ((z + 7)/(-2) - -8) + 1. Give y(b).
-3
Let a = -15 + 18. Suppose 3*x - a*h = 57, -2*x + h + 38 = -4*h. Let y(t) = t**3 - 9*t**3 + 7*t**3 - 9*t**2 + x - 4 + 11*t. What is y(-10)?
5
Suppose 5*r + t = 43, -2*r + 8*t - 4*t + 4 = 0. Let o(m) be the first derivative of m**2/2 - 6*m + 7. Determine o(r).
2
Let o(a) be the second derivative of 63 + 2*a - 5/2*a**2 - 1/6*a**3. Determine o(5).
-10
Let l(s) = 163*s + 12. Let a(t) = -212*t - 15. Let o(k) = 10*a(k) + 13*l(k). Suppose 3*n = -0*n + 12. Calculate o(n).
2
Let c(t) = -13*t + 7 - t**3 + 135*t**2 - 288*t**2 + 140*t**2 + 4. What is c(-11)?
-88
Suppose -13*z + 13687 = 13752. Let n(j) = -j**2 - 5*j - 3. Give n(z).
-3
Let g(y) = -27*y + 48. Let i(c) = -4*c + 5. Let n(f) = -g(f) + 6*i(f). Calculate n(7).
3
Let p(b) = -5 + b**3 - 2*b**2 + 4*b**2 + 3*b + 4*b**2 - 4*b. Suppose -18*f - 168 = 10*f. What is p(f)?
1
Let y(u) be the third derivative of -u**5/60 - u**4/3 - 4*u**3/3 - u**2. Suppose -7*a - 35 - 1 = -3*f, a = f. Determine y(f).
-17
Let q(a) be the third derivative of a**5/20 + a**4/8 - 5*a**3/6 + 258*a**2. Calculate q(-4).
31
Let r(s) = 7 - 99*s + 197*s - 102*s. Let c = -13 - -8. Calculate r(c).
27
Let b(o) = 2*o**2 - 3*o - 2. Let v = 58 + -20. Let q = 40 - v. Determine b(q).
0
Let c(y) = y**2 + 23*y + 12. Let n(h) = h**2 + 21*h + 10. Let o(u) = -6*c(u) + 7*n(u). Let z be (-48)/9*(-3)/(-2). Calculate o(z).
-10
Let x(q) = 3*q**3 - 77*q**2 + 53*q + 361. Let a(s) = -2*s**3 + 47*s**2 - 35*s - 241. Let r(n) = -8*a(n) - 5*x(n). Calculate r(-9).
-12
Let n(s) = s**2 - s**3 + 4 + s - 1 - 2*s. Suppose 2*f - 12 = -4*v, -4*f - 887*v + 884*v = -14. Determine n(f).
-3
Let l(z) = z**3 - 25*z**2 - 2*z + 51. Let c = -15684 - -15709. Calculate l(c).
1
Let q(z) = -17*z. Suppose -12 = -5*i - 4*p, 16 = 4*i + 2*p + 4. Suppose 4*r = -r + 3*u + 22, -4*r - 3*u - i = 0. Calculate q(r).
-34
Let l(t) = t**2 - 6. Let r = 6 + -6. Suppose 2*c - 4*m + 10 = r, 5*c + 0*m - m = 11. Let h be l(c). Let x(s) = -s**3 + 2*s**2 - 1. Determine x(h).
-10
Let p(c) = 2 - 1 + 36*c + 5*c**2 + 41*c - 74*c. Let l(b) = 7*b**2 + 3*b + 1. Let y(n) = -2*l(n) + 3*p(n). Suppose -d = -5, -d + 21 = -4*h - 0*d. Determine y(h).
5
Let f(y) = -14*y - 10. Let q be (8 + -10)*((-21)/6 - -2). Give f(q).
-52
Let s be (9/((-54)/(-168)))/(-32 + 28). Let r(a) be the second derivative of a**5/20 + a**4/2 - 3*a**3/2 - 2*a**2 - a. Give r(s).
10
Suppose -a = 6*f - 40, 2*a + 17 - 57 = -4*f. Let n(i) = -a - 8 - 12*i + 10 - 2 - i**2. Give n(-10).
10
Let t(z) = -1348*z + 39 + 1342*z - 4. Determine t(5).
5
Let r = 14155 - 14166. Let p(o) = 11*o**2 + 120*o - 12. What is p(r)?
-1
Let w(n) = n**2 + 8*n + 3. Let m be ((-154)/(-5))/((-4)/(-10)). Let c = 82 - m. Suppose -3*u + 0*u - p - 23 = 0, c*p = -4*u - 38. Determine w(u).
-4
Let c(v) be the third derivative of -5*v**4/8 - 173*v**3/6 + v**2 - 1825. What is c(-12)?
7
Let k(j) = j**3 + 11*j**2 + 10*j + 4. Let p(i) = i**2 + 4*i - 48. Let m be p(4). Let l(a) = 2*a**3 + 30*a**2 - 30*a + 22. Let w be l(m). Give k(w).
4
Let c(k) = 4*k + 11. Let s(q) = 8*q + 21. Suppose 22 + 41 = 9*f. Let p(h) = f*c(h) - 4*s(h). Give p(-5).
13
Let k(b) = 8*b - 1. Let l(d) = -23*d - 74. Let c(p) = -2*k(p) - l(p). Give c(-10).
6
Let c(j) = -6*j - 2. Let f be ((-2)/5)/(14/175). Let n(r) = -r + 6. Let l(t) = 2*t - 13. Let x(m) = -6*l(m) - 13*n(m). Let s(y) = f*x(y) - c(y). What is s(-5)?
-3
Let c = -35515 - -35513. Let k(t) = 99*t + 207. Determine k(c).
9
Let x(b) = 99735*b**2 - 29*b + 87 - 99736*b**2 + 39 + 8 + 4. Determine x(-33).
6
Let h(u) be the second derivative of 11*u**3/3 - 2*u**2 + 53*u - 6. What is h(1)?
18
Let c(w) be the first derivative of -7*w + 10 - 1/4*w**4 + 0*w**2 + 0*w**3. Determine c(0).
-7
Let a(o) = 7*o + 4. Let p(l) = l + 1. Let w(t) = 3*t + 4. Let k be w(-3). Let b(n) = k*p(n) + a(n). Calculate b(-3).
-7
Let l(q) = -15*q + 33*q - 15*q - 12. Suppose -72 = 41*y - 277. What is l(y)?
3
Let o(v) = -16*v**2 + 16*v**2 + 703 - 703 + v**3. What is o(-1)?
-1
Let q be 31/((-341)/(-154)) + -19. Let k be (-138)/(-18) + 2/(-3). Let i(m) = 6*m + 10 + k - 13 + 6*m**2 + m**3. Determine i(q).
-1
Let j(k) = -k**2 - 119*k - 51. Let u(p) = -4*p**2 - 335*p - 154. Let g(f) = -8*j(f) + 3*u(f). Determine g(-1).
-5
Let v(i) = -i**3 + 4*i**2 + 15*i - 10. Let w = 5653 - 5646. Give v(w).
-52
Let w(o) = -6*o - 184. Let s(r) = -4*r - 124. Let n(f) = -11*s(f) + 7*w(f). Calculate n(-46).
-16
Let w(y) = -2*y**3 - 4*y**2 - 3. Suppose 0 = 5*l - h - 28 + 22, -2*l + h = 0. Suppose -l*s = -3*s + t, 3*t + 9 = 0. What is w(s)?
15
Let a(i) = 49 - 20 + 2*i - 18. Let x be a(-7). Let h = 5 + x. Let d(o) = -o**3 + 3*o**2 - 2*o + 2. Calculate d(h).
2
Let x be (-2)/(-5) + 74/(-10). Let t(j) = -1240 + 307 + 322 + j + 309 + 311. Give t(x).
2
Let f(t) = 50*t**2 + 35*t - 53. Let a(j) = 9*j**2 + 7*j - 10. Let b(i) = -33*a(i) + 6*f(i). What is b(6)?
-6
Let f(m) be the first derivative of m**4/4 - m**3 - 7*m**2/2 + 6*m - 2. Suppose 14*c - 960 = -6*c. Suppose c*d - 8 = 46*d. What is f(d)?
-6
Suppose -12*z + 30 = -13*z. Let b = z + 31. Let r(a) = -4*a + 1. Let h(v) = v. Let f(o) = 3*h(o) - r(o). Give f(b).
6
Let o(b) = 4*b - 6. Let a(s) = -37*s**2 - 3*s - 5. Let j be a(-2). Let m = 150 + j. Give o(m).
6
Suppose -2*v - 8 = 0, 5 = 3*h - 3*v + v. Let w(t) be the second derivative of t**3/6 + 24*t + 5. Determine w(h).
-1
Let m = 57 - 58. Let x(t) be the first derivative of t**2 - t - 44. Calculate x(m).
-3
Let s(h) = 16*h + 48. Let q be s(-3). Suppose 29*o - 16 - 100 = q. Let y(d) be the third derivative of -d**4/6 + d**3/2 + d**2. Give y(o).
-13
Let a(k) = 2*k**3 - 4*k - 2. Let l(z) = 3*z**3 - 2*z**2 - 7*z - 4. Let c(w) = 5*a(w) - 3*l(w). What is c(-5)?
22
Let x(g) = -4*g**2 + 7*g - 15. Suppose 22 + 2 = -8*h. Let n(a) = a**2 + 4. Let z(c) = h*n(c) - x(c). Calculate z(8).
11
Let b(i) = 13*i + 38. Let w be (96/112 - 0)/(2/(-14)). Determine b(w).
-40
Suppose 5 = 5*j + 2*p, -2*j + 3*p = -0*p - 21. Suppose -71 = j*y - 95. Let v(g) = 2*g - 11. What is v(y)?
5
Let t(l) be the first derivative of -l**3/3 - 3*l**2/2 + 2*l + 4. Let z be t(-3). Let a(o) = -3*o + 0*o + 4531 - 4529 + 4*o**2. Calculate a(z).
12
Let s(m) = 2*m - 335 + 716 + 6*m**2 + 5*m - 3*m - 385 + m**3. Let f = -3 + -1. What is s(f)?
12
Let w(z) = -z**2 - 16*z - 55. Let x be w(-9). Suppose 2*n - 2*s = x, -2*s - 2*s = -2*n - 2. Let p(k) = -k + 9. What is p(n)?
0
Let x(f) = -6*f**3 - 6*f**2 - 6*f - 16. Let g(s) = -5*s**3 - 5*s**2 - 5*s - 14. Let a(k) = 5*g(k) - 4*x(k). What is a(0)?
-6
Let x be 6*(1/3 - 1). Let g be x/(-10) + 162/45. Let a(s) = -13*s**3 + 25*s**2. Let t(n) = -3*n**3 + 6*n**2. Let f(y) = 2*a(y) - 9*t(y). What is f(g)?
0
Let l(d) be the first derivative of d**2/2 - 60. Let t(s) = -s**2 - 4*s - 20. Let r(g) = 3*l(g) + t(g). Calculate r(0).
-20
Suppose 6*y + 7 = 55. Suppose 2*q - 32 = -2*p, -7*q + p = -9*q + 28. Suppose 88 = -q*d - y. Let u(r) = r**3 + 8*r**2 + r + 6. Determine u(d).
-2
Suppose -40 = -2*d + 4*d. Let l be -5*-2*(-4)/d. Let m(t) = -6*t